33 (base 9) in base 10?
-9442038
Convert 204043156 (base 7) to base 13.
2646c70
-200120020022121 (base 3) to base 10
-9865789
54131516 (base 7) to base 2
10001100110001100111010
Convert 2121201011121 (base 3) to base 15.
1c75aa
-269c9 (base 15) to base 13
-44406
26a691 (base 11) to base 2
1100111100010010100
Convert -7127002 (base 10) to base 16.
-6cbfda
Convert -1001011111100101111111 (base 2) to base 4.
-21133211333
Convert -163486 (base 12) to base 2.
-1011100100011100110
What is -15075281 (base 9) in base 5?
-3404134411
What is 12023200 (base 6) in base 11?
237a08
101000100100011001111 (base 2) to base 3
2111112112112
Convert 611684 (base 9) to base 7.
3035551
What is -1102331333 (base 4) in base 7?
-2613533
Convert 33ec (base 16) to base 2.
11001111101100
Convert -430031 (base 6) to base 10.
-35011
What is -1100001110000011010 (base 2) in base 16?
-61c1a
What is -5074f3 (base 16) in base 5?
-2322212234
What is -3303332 (base 5) in base 7?
-324233
Convert 2489012 (base 10) to base 13.
691bb6
What is 38162 (base 9) in base 5?
1310102
What is 504311 (base 7) in base 8?
247072
What is 3816561 (base 9) in base 14?
3c1486
What is -10b337 (base 15) in base 2?
-11000010101000101011
-33003021 (base 4) to base 16
-f0c9
-443441144 (base 6) to base 11
-4584661
What is 30310302233 (base 4) in base 13?
90933b
-111110000101101 (base 2) to base 11
-2197a
What is 1151299 (base 10) in base 12?
476317
What is -4312326 (base 7) in base 4?
-1333333233
-4553070 (base 8) to base 5
-304000423
What is -43803 (base 9) in base 15?
-893c
What is 1010001110000100110 (base 2) in base 5?
41204021
Convert -1233111 (base 4) to base 6.
-52553
-1032074 (base 8) to base 5
-32304031
Convert -5613543 (base 8) to base 16.
-171763
What is 3126631 (base 7) in base 4?
1130001202
Convert -2367a (base 16) to base 4.
-203121322
1021222100220021 (base 3) to base 2
1000110111010000101000000
What is 101111110000101 (base 2) in base 13?
b190
-2a0251 (base 13) to base 9
-1836868
What is a4a75 (base 11) in base 10?
153026
2dc98 (base 16) to base 5
22000134
-102a3a8 (base 11) to base 12
-736176
Convert -3157222 (base 8) to base 12.
-348102
Convert 42a613 (base 14) to base 10.
2256761
Convert -328443 (base 9) to base 16.
-2ff70
Convert -42455 (base 6) to base 7.
-22616
Convert 386bb (base 12) to base 13.
290b1
Convert 1932722 (base 13) to base 7.
130130600
Convert 35436202 (base 7) to base 14.
5b8939
-102975 (base 13) to base 4
-1130013120
1bae1 (base 16) to base 9
182464
507471 (base 9) to base 16
496c0
3567212 (base 10) to base 8
15467154
What is -11151455 (base 6) in base 13?
-bc426
Convert 262384 (base 9) to base 10.
159241
-16320261 (base 10) to base 3
-1010201011012010
112212112 (base 4) to base 12
4569a
What is 324442433 (base 5) in base 14?
288561
What is 100222021221 (base 3) in base 14?
51787
What is -12771 (base 16) in base 4?
-102131301
Convert 57859 (base 13) to base 10.
159610
-5598921 (base 10) to base 12
-1a60149
Convert -2bb50 (base 16) to base 3.
-100002120112
-2134532 (base 7) to base 16
-3fb54
Convert -10001101101001011 (base 2) to base 11.
-4a540
Convert 37d798 (base 14) to base 10.
1919562
What is 1753047 (base 8) in base 9?
862438
Convert -101201100211 (base 3) to base 11.
-13453a
Convert -10100111001100011011011 (base 2) to base 7.
-64365436
What is 561030 (base 8) in base 12?
91420
2ab7b1 (base 16) to base 13
770340
Convert -15887682 (base 9) to base 7.
-124515146
332001010 (base 4) to base 3
110220110011
-4342022031 (base 5) to base 6
-531544441
11a495 (base 13) to base 7
3410064
What is -215401435 (base 7) in base 3?
-220110221020121
Convert -1184eb (base 15) to base 6.
-25544105
Convert -ab987 (base 14) to base 15.
-834d7
-3b420 (base 12) to base 15
-19396
What is 6664466 (base 9) in base 4?
31223121012
37071c (base 16) to base 15
4b3800
Convert 1146205 (base 9) to base 4.
2113223123
-222230131 (base 4) to base 13
-617a1
Convert 12245143 (base 7) to base 8.
4153756
121110101001000 (base 3) to base 11
4a34477
What is 6611361 (base 8) in base 7?
21036643
Convert 51877 (base 13) to base 11.
a0039
What is 233210102221 (base 4) in base 13?
277786c
Convert -1a40617 (base 11) to base 6.
-201432151
Convert 102371 (base 11) to base 7.
1252404
What is -b615 (base 16) in base 15?
-dc28
What is 232021201 (base 4) in base 10?
189025
122845 (base 9) to base 10
74318
Convert -3301145 (base 7) to base 4.
-1202211101
Convert -22211210101 (base 3) to base 16.
-2a7ff
What is 826a99 (base 13) in base 10?
3042464
Convert -2b25a (base 12) to base 5.
-3421323
Convert 1294a (base 13) to base 11.
23a49
What is 1163886 (base 10) in base 8?
4341156
-86679 (base 10) to base 8
-251227
What is 100226025 (base 7) in base 16?
5894ee
-73060 (base 8) to base 7
-154132
Convert -15124444 (base 7) to base 6.
-50431301
-7c966 (base 15) to base 3
-202011120120
-47a5a (base 12) to base 8
-274446
What is 14014241 (base 5) in base 7?
1130321
7262712 (base 9) to base 11
220a878
30101203 (base 5) to base 7
2006640
1202001443 (base 5) to base 7
32336525
Convert 113200133 (base 5) to base 4.
1333122332
3213303203 (base 4) to base 3
1210020102202
What is -ace1e (base 16) in base 5?
-140130001
What is -5b6a2 (base 13) in base 7?
-1300066
What is 1001100111011100101 (base 2) in base 14?
82b9b
55cae (base 16) to base 2
1010101110010101110
What is 9e2ee (base 15) in base 6?
14443125
What is -10120112200 (base 3) in base 5?
-4223010
101110111101001111101100 (base 2) to base 11
6a48330
Convert 39da67 (base 15) to base 10.
2779972
-114124 (base 8) to base 2
-1001100001010100
What is 130020321 (base 5) in base 8?
2307240
Convert 36224344 (base 7) to base 3.
20001102012021
Convert 1678418 (base 9) to base 10.
937835
Convert -169043 (base 13) to base 4.
-2021110313
What is 282a11 (base 11) in base 4?
1230023222
What is 151141 (base 9) in base 16?
16a1d
4405505 (base 6) to base 2
110101011101110001
Convert 12445673 (base 8) to base 10.
2771899
-12442143 (base 5) to base 3
-20100000112
Convert 741254 (base 8) to base 6.
5140540
428257 (base 9) to base 15
509e4
-226560 (base 9) to base 11
-93245
Convert 6524713 (base 8) to base 15.
247b38
515740 (base 8) to base 15
359d6
What is 3610540 (base 7) in base 12?
1a01a7
Convert -150051 (base 14) to base 6.
-23351303
What is -2114000443 (base 5) in base 9?
-8313242
What is 742101 (base 9) in base 3?
211102010001
What is 212202011002111 (base 3) in base 7?
212160244
Convert -2554034 (base 7) to base 2.
-1010001001110111111
Convert -1534b6 (base 12) to base 7.
-3021633
10022314 (base 7) to base 11
516a89
What is 1022212011 (base 3) in base 8?
63034
Convert 5ef6b6 (base 16) to base 10.
6223542
Convert 300422112 (base 5) to base 3.
2020020202111
Convert -62251 (base 7) to base 2.
-11101101111010
Convert 2849130 (base 11) to base 7.
56445131
-1222011000000 (base 3) to base 7
-11614620
Convert 412776 (base 8) to base 6.
2532514
What is -1abc066 (base 14) in base 15?
-128e7b5
Convert -12600121 (base 7) to base 11.
-722376
34d789 (base 16) to base 4
31031132021
Convert c432e (base 16) to base 6.
25120302
What is 63 (base 7) in base 12?
39
Convert -13647727 (base 8) to base 9.
-5745235
Convert -5490511 (base 11) to base 12.
-3287563
Convert -921aa2 (base 14) to base 16.
-4b1aee
Convert 93b446 (base 13) to base 12.
11a5991
What is -9b7a8 (base 12) in base 16?
-327b0
11100110111011011 (base 2) to base 6
2311215
7114562 (base 9) to base 10
3789074
What is -12c8 (base 13) in base 8?
-5213
Convert ac80e (base 15) to base 12.
225558
Convert -3220100210 (base 4) to base 14.
-1aa9a4
What is -159512 (base 12) in base 14?
-9858a
What is 76a07 (base 16) in base 6?
14225303
Convert -6412731 (base 10) to base 14.
-bcd003
What is -200211012011 (base 3) in base 9?
-624164
28593 (base 11) to base 16
9ebd
-10252332 (base 6) to base 7
-2400002
223413001 (base 5) to base 12
401584
Convert -12133331102 (base 4) to base 16.
-19ff52
Convert -7561975 (base 10) to base 5.
-3413440400
What is 12340405 (base 6) in base 9?
672275
112045444 (base 6) to base 4
13312300210
Convert 111055130 (base 7) to base 15.
8cb0a8
Convert 1100010011100001000000 (base 2) to base 5.
1311210124
What is -24423202 (base 5) in base 16?
-38ddf
Convert 44103 (base 13) to base 16.
1e144
14077520 (base 8) to base 15
42bad0
Convert 117